t is p(-16)?
-2
Let z(h) = 5*h**3 - 22*h**2 + 19*h + 19. Suppose 2*r - 34 = -28. Let u(m) = -2*m**3 + 11*m**2 - 10*m - 9. Let a(t) = r*z(t) + 7*u(t). Calculate a(-12).
6
Let v(f) = -3*f**3 + 6*f**2 - 21*f. Suppose 4*c = 88 - 68. Let w(r) = -r**3 + 4*r**2 - 10*r + 1. Let u(l) = c*w(l) - 2*v(l). Determine u(-9).
-4
Suppose 2*h + 2 = -142*w + 145*w, -2*w - 2 = 2*h. Let c(j) be the first derivative of 8*j + 1/2*j**2 + 1/3*j**3 + 3. Calculate c(w).
8
Suppose -36 = q - 3*q. Let t(h) = -h**2 + 14*h + 6. Let o(d) = -4*d**2 + 57*d + 24. Let y(v) = -4*o(v) + 15*t(v). What is y(q)?
-6
Let d(z) be the first derivative of -z**4/4 - 5*z**3/3 - z**2 - 6*z - 2. Let t be (-10)/(((-1710)/(-1596))/((-6)/(-14))). Determine d(t).
-14
Let a(j) = -3*j**2 + 11. Let n(t) be the second derivative of 2*t**4/3 - t**3/6 - 11*t**2 + 11*t + 9. Let y(g) = 5*a(g) + 2*n(g). What is y(0)?
11
Let l(d) = 27*d - 123. Let u(p) = -5*p + 22. Let v(n) = -2*l(n) - 11*u(n). Let w be 8/(-20) - (-12)/5. Suppose -w*i + 24 = -6*i. Determine v(i).
-2
Let o(t) = -13*t**2 + 49*t - 258. Let m(i) = -10*i**2 + 45*i - 260. Let b(f) = 4*m(f) - 3*o(f). Determine b(16).
6
Let p(b) be the second derivative of 7*b**4/12 - 7*b**3/3 + 5*b**2/2 - 3*b - 9. Let i(g) = g**2 - g. Let o(y) = -6*i(y) + p(y). What is o(6)?
-7
Let l(d) = -3*d - d - 1800 + 4*d + 900 - 8*d + 901. Suppose 5*n = 11 + 4. What is l(n)?
-23
Let u(w) = -6 + 13*w**2 - 40*w**2 + 11*w + 11*w**2 + 17*w**2 + 18 + 0*w. Let r = 5 - 2. Suppose -2*l = 4*q + 44, r*q = 2*l + 3*l - 20. What is u(q)?
2
Let j(y) = y**2 + 9*y - 5. Suppose -5*q = 3*i - q - 2127, 5*i - 3550 = -5*q. Let f = i + -723. Give j(f).
5
Let s = 800 - 801. Let r(j) = -14*j - 1. Calculate r(s).
13
Let q be -16 - (-11 + (168/7)/12). Let v(o) = -o**3 - 7*o**2 + 4*o + 37. Give v(q).
9
Let m(a) be the first derivative of a**3/3 - 7*a**2/2 + 6*a - 1. Suppose 844*o - 1300*o = -2736. Determine m(o).
0
Let b(i) = 13*i - 77. Let u be b(6). Let r be (11 + -10)*(u - 0). Let h(s) = -14*s**3 + s**2 + s - 1. What is h(r)?
-13
Let m(j) = -j**2 - j + 239. Let z = 2077 + -2093. Calculate m(z).
-1
Suppose 0 = 5*m + 3*m + 11 - 11. Let y(j) = j**3 + 2*j**2 + j + 65. Determine y(m).
65
Let o(u) = -81*u + 38*u + 17*u + 14 + 22*u. Determine o(10).
-26
Suppose 0*u - 2*u + 10 = 3*t, 3*t - 3*u = 30. Let w(h) = h**2 - 50*h**3 - h + 5*h**2 - 31*h**3 + 80*h**3. Give w(t).
-6
Suppose -3*z + 796 = c, 2*z - 5*c = -10 + 535. Let f(i) = -z*i**3 - 2*i**2 - i + 264*i**3 + 0*i. Give f(-4).
36
Let h(z) be the third derivative of z**4/12 + 2*z**3 + 7*z**2. Suppose 357*k + 4*t + 14 = 356*k, -5*k + 2*t - 26 = 0. Give h(k).
0
Let u be (0 - 0)/(-9 + (11 - 4)). Suppose -3*r = -0*m + 5*m + 32, -5*r + m - 16 = u. Let i(y) = -5*y - 3. Calculate i(r).
17
Let o(h) be the third derivative of -1/4*h**4 + 39*h**2 + 2*h + 7/6*h**3 + 0 + 1/60*h**5. Calculate o(4).
-1
Let d(z) = -7*z. Suppose -38*m + 41*m + 3 = 0. Let q be 1 + 4 + -8 - 0. Let x be m/(-4) + q/(-4). Determine d(x).
-7
Let a = 8 + 2. Suppose -6*h - a = 2. Let n(c) = -9*c - 6. Let v(y) = 3*y + 2. Let l(x) = h*n(x) - 7*v(x). What is l(-3)?
7
Let u(c) = c - 4. Let p = 175 - 171. Let x(b) = -b + 6. Let a(k) = p*x(k) + 5*u(k). What is a(-6)?
-2
Let i(h) = 28*h + 114 - 292 + 152. Let d(f) = 15*f - 11. Let z(p) = -7*d(p) + 3*i(p). Give z(-2).
41
Let n(y) = 66*y - 69. Let w(o) = -50*o + 66. Let v(g) = 4*n(g) + 5*w(g). What is v(-5)?
-16
Let g(r) = -13*r**3 - r**2 + 10*r - 7. Let f be (198/(-44))/(3*(-1)/4). Let v(c) = -2*c + 1. Let q(h) = f*v(h) + g(h). Determine q(-1).
13
Suppose -z + 0*h = -h - 230, 3*z - 680 = -2*h. Let n = 226 - z. Let y(d) = -d**3 - d**2 + 2. Give y(n).
6
Let g(a) = -a - 3 + 7*a - 3*a. Let k(b) = 20*b**2 - 40*b + 39. Let z be k(1). Suppose -4*x - x + z = -2*r, 4*x = -2*r + 8. Calculate g(x).
6
Suppose -5*o - 35 = -3*d, 5*d = o - 2*o + 105. Let a(s) = 11*s**2 - s - 14*s**2 - 1 - d*s**2. Calculate a(-1).
-23
Let c(a) = a**3 - 13*a**2 + 32*a - 101. Let q be c(11). Let f(r) = r**3 - 9*r**2 + 6*r - 8. Give f(q).
46
Let v(h) be the second derivative of 2*h**3 + 7*h**2/2 + 2*h + 20. Calculate v(4).
55
Let v(i) = -7008*i + 14026*i - 7012*i + 18 + 37. Give v(-17).
-47
Let d(s) = 21 + 11 - 9 - 3 - 40 - 6*s. Determine d(-6).
16
Let t(q) be the third derivative of -q**6/120 - q**5/12 - q**4/8 - 2208*q**2. Let r = -5 - -3. Let i be -2*(-5)/(5/r). What is t(i)?
-4
Let d(o) be the second derivative of -o**4/12 - 5*o**3/2 + 11*o**2/2 + 17548*o. Let g(p) = p - 16. Let z be g(0). Give d(z).
-5
Suppose -4*t - 4 = 2*l - 134, 0 = 2*t - 6. Let n be 3/((-6)/(-110)) + -4. Let f = n - l. Let h(v) = -v**2 - 9*v - 8. What is h(f)?
0
Let g be (9/(-15))/((-6)/30). Suppose 636 = -g*i + 5*i. Let p(m) = 6 - 1 + 2 - 319*m + i*m. Give p(6).
1
Let c(b) = -b**3 + 14*b**2 - 25*b + 15. Let o be c(12). Let j(t) = 8 - 2*t**2 - 5*t**3 + t**2 + o*t**3 - 7. Give j(1).
-2
Let x(j) = 30*j**2 - 28*j - 13. Let g(v) = -41*v**2 + 38*v + 18. Let i(u) = -8*g(u) - 11*x(u). Give i(2).
-1
Let g(i) = 3*i**2 - 3*i + 2. Let h be g(1). Let l(t) = 19*t + t**h - 10*t - 2 + 5 - 3*t. Calculate l(-7).
10
Suppose 0 = -7*w + 11*w - 60. Let x be -2*(w/(-6) + 2). Let t be 4 - 9/(-3)*(-2 + x). Let j(i) = 5*i**3 - i + 1. What is j(t)?
5
Suppose 2*s - 2*o = -0*s + 8, -5*s + 12 = -o. Let g(d) = 3*d**3 - 6*d**2 + 7*d - 1. Let t be g(s). Let l(m) = -m + 12. Calculate l(t).
-1
Let g(c) be the third derivative of -c**6/720 - c**5/30 - c**4/24 + 19*c**3/2 + c**2 + c. Let p(b) be the second derivative of g(b). Determine p(-8).
4
Let o(b) = 2. Let u(a) = a**2 - a + 1. Let y(k) = 4*o(k) - u(k). Give y(3).
1
Suppose 29 + 13 = 6*r. Suppose 0 = 5*g - 5*u - 27 + r, u - 20 = -5*g. Let l(v) be the second derivative of v**4/6 - v**3/6 + 3*v**2/2 + 12*v. What is l(g)?
31
Suppose -5*g + 0*g = -4*v - 6, 2*v - 2*g + 2 = 0. Let c(m) = -v + 7 - 6 + m. Let a = 540 - 547. What is c(a)?
-7
Let g be 24*(6 - 5 - 2). Let c be -3*g/(-54)*(-63)/(-14). Let d(y) = 7*y. Calculate d(c).
-42
Let d = 521 - 511. Let u(c) = c**3 - 11*c**2 + 13*c - 19. What is u(d)?
11
Let h(t) = -t**3 + 2*t**2 + 11*t. Let w(s) = -s**3 + 2*s**2 + 10*s. Let y(p) = -5*h(p) + 6*w(p). Suppose 696*v = -965*v + 2367 + 2616. What is y(v)?
6
Let p(a) = -6*a - 5609*a**2 - 5614*a**2 + 10 + 11224*a**2. Calculate p(4).
2
Let t(f) be the first derivative of -f**4/4 - 4*f**3/3 + f - 1. Let s be (-40)/6*(-171)/114. Suppose -4*c - 9*h = -11*h + 20, -2*c + s = 4*h. Give t(c).
-8
Let x(y) = -192*y - 1338. Let q be x(-7). Let p(z) = -z**3 - 2*z**2 + z - 4. Let n be p(-3). Let w(o) = -n*o - 4 + 3*o + 1. What is w(q)?
3
Let p(x) = 5*x**2 - 11*x - 3. Let r(i) = 4*i**2 - 10*i - 4. Let b(g) = 22*g - 128. Let t be b(6). Let s(u) = t*r(u) - 3*p(u). Determine s(7).
-7
Let w(i) = i**3 + 25*i**2 - 186*i - 8. Let c be w(-31). Let l(y) = y**2 + 11*y + 13. What is l(c)?
-11
Let g(z) = 8336 - 8346 + 4*z - z + 19*z**2 - z**3. What is g(19)?
47
Let y(c) be the second derivative of c**3/3 - c**2/2 + c. Let x = 12277 + -12271. Give y(x).
11
Suppose 7371 = 47*y - 40*y. Suppose 0 = 1047*z - y*z + 48. Let p(g) = -g**3 + 8*g**2 + g - 5. Calculate p(z).
3
Let b(n) be the second derivative of 5/2*n**2 + 4/3*n**3 - 1/12*n**4 - 54 - 2*n. Calculate b(5).
20
Let h be 7*10*2/35. Let z(j) = -2*j**2 + j + 36. Let w be z(h). Let r(n) = -2*n + 4. Calculate r(w).
-12
Let h = -40 + 103. Let b(i) = i**2 + 485*i + 5*i**2 + i**3 - 479*i - h + 69. Let m be (1/1 - -1)*-2. Give b(m).
14
Let y(f) = 15*f**3 + 4*f**2 + 8*f + 5. Suppose -5*t = 15, -q - 7 + 18 = -4*t. Give y(q).
-14
Suppose 0*t - t = 7*t. Suppose v - b + 9 = t, -3*b = -21*v + 20*v - 3. Let o(w) = -w**3 - 11*w**2 + 12*w + 4. Calculate o(v).
4
Suppose -4*x - 9*x + 6*x = -21. Let q(c) = -c**2 + 11*c - 7. Calculate q(x).
17
Let n(h) = -h**3 - 3*h**2 + 5*h - 6. Let i(q) = 3*q**3 + 9*q**2 - 14*q + 17. Let r(k) = 4*i(k) + 11*n(k). Let s be r(-3). Let m(w) = -w**2 + 3*w + 7. Give m(s).
-3
Suppose 3*b + 4*a - 74 = 0, 0 = -5*a + 17 + 8. Suppose -2*l - 16 = -4*w, -4*l - l = w + b. Let m(v) = -14 - 9*v + 31*v**w - 19*v**2 - 11*v**2. Determine m(10).
-4
Let v be -11*10*2/50 - (-4)/10. Let a(y) = y**2 - 4. Give a(v).
12
Let r(s) = s - 6. Let b = 234 - 232. Let p(g) = -2*g**3 + 15*g**2 + 10*g - 7. Let x be p(8). Suppose -b*h - 8*c + 16 = -x*c, 4*c = 8. What is r(h)?
3
Let x(k) = -k**2 - 